- 912 - 498 = 0. List the prime factors of b.
5, 47
Let d(c) = 2 + 11*c - 3 - c**2 + 2. Suppose -12 + 33 = 3*k. What are the prime factors of d(k)?
29
Let p(h) = 6 - 9*h + 0 - 2. Let g(i) = i + 1. Let f(s) = -4*g(s) + p(s). List the prime factors of f(-2).
2, 13
Suppose -2*p - w + 11 = -2, p + 3*w - 19 = 0. Let d(l) = -51*l**3 + 2*l + 1. Let n be d(-1). Suppose -h = p*h - n. What are the prime factors of h?
2, 5
Suppose 5*i + 11034 = 3*y, 5*y - 14702 - 3688 = -5*i. List the prime factors of y.
2, 3, 613
Let i(l) be the second derivative of l**4/2 + l**3/2 - l**2 - 21*l. List the prime factors of i(-5).
7, 19
Suppose -4*q = -8*q + 24. List the prime factors of ((-144)/(-30))/((q/(-340))/(-1)).
2, 17
Let a(q) = -35*q - 7. Let w be a(2). What are the prime factors of (-14)/w + 1008/22?
2, 23
Suppose -515 = -7*r + 2*r. Let h = r + 39. List the prime factors of h.
2, 71
Let b be (-5 + 2)/((-1)/6). Suppose 3*m + b = -3*m. Let l = 61 + m. List the prime factors of l.
2, 29
Let g(w) = 12*w + 24. Let q be g(-12). Let i = q - -206. List the prime factors of i.
2, 43
Suppose 4*r - v - 84 = 0, 2*r - 28 = -2*v - v. Suppose -5*p = 2*w - 372, -w + 0*p + 2*p = -204. Suppose -6*l + r = -w. What are the prime factors of l?
2, 3
Let i(j) = 13*j**2 + 6*j - 43. What are the prime factors of i(-10)?
3, 7, 19
Let l = -10 - -14. Suppose -w + 16 = 4*t, 0 = 4*t - l*w + 1 + 3. Suppose t*p - 78 = -0*p. List the prime factors of p.
2, 13
Let d(q) = -q**3 + 7*q**2 + 4. Let z be d(7). Suppose 9*j - 35 = z*j. Let k = 34 - j. List the prime factors of k.
3
Let r be (2 + -1)/((-6)/(-42)). Suppose -2*v = m - 231, -r*m - 945 = -11*m - v. What are the prime factors of m?
3, 79
Let m(k) = -247*k - 474. What are the prime factors of m(-13)?
7, 17, 23
List the prime factors of 2/3 + -1*2410/(-3).
2, 3, 67
Let t(c) = -18*c + 205. What are the prime factors of t(-28)?
709
Suppose -2*s - 1261 = -2*p - 4309, 7665 = 5*s + 4*p. List the prime factors of s.
11, 139
Suppose 4*f - 10819 = -b, 3*f - 5*f - b + 5409 = 0. List the prime factors of f.
5, 541
Let l(q) = 2*q**3 - 7*q - 8. What are the prime factors of l(4)?
2, 23
Let h(b) = 2*b**2 - 4. Suppose -7 + 3 = -2*x. Let v be h(x). What are the prime factors of 1*(-12)/v + 23?
2, 5
Let x(w) = -1. Suppose -8 = 4*c, 4*c + 1 = 2*t + 3. Let l(d) = d**2 + 11*d - 5. Let z(k) = t*x(k) - l(k). List the prime factors of z(-9).
2, 7
Let w = 2 + -3. Let l(z) = 38*z**3 - 1. Let a be l(-1). What are the prime factors of w + 2 - 3 - a?
37
Suppose -44*g = -41259 + 911. List the prime factors of g.
7, 131
Let l(f) = 2*f - 4. Let m be l(4). Suppose -4*p + 4 = -12, -5*v - m*p = -376. Suppose w - v = -2*t, -2*t - 3*t + w = -180. What are the prime factors of t?
2, 3
Let q = -2 + -12. What are the prime factors of -24*(q/3)/7?
2
Let f(m) = m**3 - 9*m**2 + m + 5. Let u be f(9). Let v = u + -14. Suppose 2*j + 11 = d + 46, v = j - 3*d - 20. List the prime factors of j.
17
Let b be 2 - (2 - 3) - -141. Suppose -8*a = a - b. Suppose 0 = -y + a - 8. List the prime factors of y.
2
Suppose -2767 = -9*n + 3623. What are the prime factors of n?
2, 5, 71
Let b be (-330)/(-99)*828/10. Suppose -3*c + 525 = 2*w, 2*c + 4*w - 82 = b. List the prime factors of c.
173
Let m(h) = 4*h**3 + 143*h**2 - 2*h**3 - 150*h**2 - 9 + 8*h. What are the prime factors of m(5)?
2, 53
Suppose -6*b + 56 = 8*b. What are the prime factors of (b - 2) + -1 - -236?
3, 79
Suppose -2*p = -4*i + 6, -6 = -4*p + i + 3. Suppose 4*s = p*s. Suppose z = -s*z + 45. List the prime factors of z.
3, 5
Suppose 32*t - 34*t + 118 = 0. Let s = 62 - t. What are the prime factors of s?
3
Let r = 25 - 18. Let y(w) = w - 2. Let m be y(r). Suppose -m*i + 128 = -3*i. List the prime factors of i.
2
Let c = 1327 - 736. What are the prime factors of c?
3, 197
Suppose 0 = -2*q - 2*q. Let g = 8 + q. Suppose g*h = 3*h + 145. What are the prime factors of h?
29
Let x(f) = f + 18. Let p be x(-9). Suppose 3 = 2*w - w. List the prime factors of 17*3/p*w.
17
Let b(y) = -7*y**3 + y**2 + 6*y**3 - 2*y**2 - 5. Let g be b(0). List the prime factors of 4*(g + 4)*-8.
2
List the prime factors of 5/((-15)/(-3152))*66/44.
2, 197
Let v = 41 + -57. Let n be ((-6)/(-4))/((-1)/(-48)). What are the prime factors of v/n - 382/(-18)?
3, 7
Let h = -11 - -20. Let g = h - -4. Let r = 43 - g. List the prime factors of r.
2, 3, 5
Suppose 5*y = -3*w - 30, 2*y - 4*w = w - 12. What are the prime factors of (189/y)/(3/(-4))?
2, 3, 7
Let w = 37 + -39. List the prime factors of (9/w)/((-9)/228).
2, 3, 19
Let c = 14 - 8. Let g be (-69)/(-18) - (-1)/c. Suppose -p = g*p - 120. What are the prime factors of p?
2, 3
Suppose -49*s = -17*s - 22528. What are the prime factors of s?
2, 11
Suppose 16*j - 82*j = -219516. What are the prime factors of j?
2, 1663
Let u(w) = -15*w**2 - 5*w + 4. Let l(r) = -31*r**2 - 11*r + 9. Let q(b) = 6*l(b) - 13*u(b). What are the prime factors of q(1)?
2, 5
Suppose -5*w - 60 = -5*k, 2*w - 30 = 4*w + 4*k. Let z(l) = -l**2 - 24*l + 7. What are the prime factors of z(w)?
2, 3, 5
Suppose 0 = -6*h + 4*h + 10. Suppose h*a - 25 = -0*a. What are the prime factors of (-1 - 2/(-1)) + a?
2, 3
Let v = 26 - 14. Let s = 44 - v. List the prime factors of s.
2
Suppose -5*k + 6994 = 3*m, 2*m + 5*k - 7024 = -2363. What are the prime factors of m?
2333
Suppose -2*a - 8*b = -11*b - 783, 0 = a + b - 384. List the prime factors of a.
3, 43
Suppose 294 = -8*x + 11*x. Suppose v - x = -4*j - 34, -22 = -2*j + 2*v. List the prime factors of j.
3, 5
Let j = 358 - 209. Suppose -3*x = 2*n - j, 5*n + x = 269 + 110. List the prime factors of n.
2, 19
Let r(w) = 6*w - 20. Let i(y) = -y. Let x(u) = -5*i(u) - r(u). Let d be x(16). Suppose 7*s - 3*s - 5*b = 31, d*s + 4*b - 4 = 0. What are the prime factors of s?
2
Suppose 27*z - 890 = 25*z. What are the prime factors of z?
5, 89
Suppose -3609 = 64*o - 73*o. What are the prime factors of o?
401
Let c be ((-2)/(-5))/(23/19205). Suppose -4*t + 6*t - c = 0. What are the prime factors of t?
167
Suppose 1217 = 2*m + x, 3*x - 621 = -0*m - m. What are the prime factors of m?
2, 3, 101
Let b(d) = 3*d - 16. Let u be b(3). Let g(w) = -17*w - 56. List the prime factors of g(u).
3, 7
Suppose -5*a = 10, 2*s + 0*s - 5*a = 6. Let n be (5 - -1) + (-2 - s). Suppose -52 = 2*u - n*u. What are the prime factors of u?
13
Suppose -4*y - 51 = -3*k, 3*y - 9 + 49 = 4*k. Suppose -19*h + 18*h = -11. List the prime factors of 2/((-8)/y)*h.
3, 11
Suppose 3*v - 72 + 12 = 0. Suppose 16*c + 120 = v*c. List the prime factors of c/50 - (-77)/5.
2
Suppose 2*n + 3*i = -5, 2*n - 8 - 11 = 5*i. Let q = -223 - -318. Suppose -5*a + 155 = 5*b, -2*b - n*a = b - q. What are the prime factors of b?
3, 11
Let r(o) = -o**2 + 2*o + 9. Let v be r(0). List the prime factors of (6/8)/(v/36) - -2.
5
Suppose 564 = 3*n + 2*u, 4*n - 376 = 2*n + 3*u. List the prime factors of n.
2, 47
Let t = 3034 + 1501. What are the prime factors of t?
5, 907
Let s = -35 + 40. Suppose s*u - 113 = 52. List the prime factors of u.
3, 11
Suppose 0 = k + y - 955, 5*y + 3262 = 3*k + 437. What are the prime factors of k?
2, 5, 19
List the prime factors of 10/(-35) - (-1845)/63.
29
Let g = 1194 - -79. List the prime factors of g.
19, 67
Let h be ((-760)/24)/((-2)/24). What are the prime factors of ((-10)/25)/((-2)/h)?
2, 19
Suppose -2*p = -l - 0*l - 712, 2*p = -4*l + 712. Suppose 2*u + 5*h = -u + p, u - 4*h = 113. List the prime factors of u.
3, 13
Let l be (-1*(-22)/4)/(5/(-70)). Let a = 14 - l. What are the prime factors of a?
7, 13
Suppose 57*k + 22*k - 270654 = 0. What are the prime factors of k?
2, 3, 571
Suppose a - 3*a + 82 = -4*q, -2*q - 181 = -5*a. Suppose 40*h - a*h - 505 = 0. What are the prime factors of h?
101
What are the prime factors of (-950431)/(-354) + 3/18?
3, 5, 179
Let t(p) = -4*p**3 + 3*p**3 - 22*p**2 + 10*p - 3 - 6*p - 3*p. Let s(r) = -r**3 - 21*r**2 - 3. Let g(l) = 3*s(l) - 2*t(l). What are the prime factors of g(-19)?
5, 7
Suppose -2*q + 2*k + 30 = -3*k, 3*q - 2*k = 23. Suppose 5*s - 2*g - 156 + 11 = 0, -q*s + 3*g + 140 = 0. List the prime factors of s.
31
Suppose 3*b + 4*k - 202 = 0, 7*b + 3*k - 201 = 4*b. Let q = -83 + 40. Let z = b + q. What are the prime factors of z?
23
Let j(x) = x**3 - 23*x**2 - 44*x - 10. What are the prime factors of j(25)?
2, 5, 7
Let z be ((-1